e factors of i(j).
2, 23
Let j(i) = -i**3 - 15. Let v be (-130)/15 - ((-4)/6 - 0). Let d be j(v). Suppose d = 5*u + 62. List the prime factors of u.
3, 29
Suppose -63 = -27*w + 909. Suppose 0 = -17*q + w*q - 26182. What are the prime factors of q?
2, 13, 53
Let v = 194 - 155. Suppose v*n - 52*n + 11245 = 0. What are the prime factors of n?
5, 173
Let q(h) = 2559*h**2 + 119*h - 240. List the prime factors of q(2).
2, 7, 17, 43
Suppose -2*v + 4*x + 1502 = -5*v, -v - 2*x = 500. Let d = 1297 + v. What are the prime factors of d?
3, 5, 53
Suppose 18*j - 54792 = 116730. What are the prime factors of j?
13, 733
Let c(m) = m + 24. Let u be c(-20). Suppose 2*q + 84 = -u*q. List the prime factors of (-1225)/q + (3/(-6))/1.
3, 29
Suppose -2*o + o = 5*s - 79, 3*s = o - 71. Let y be (2/(-5))/((-21)/(-3780)). Let p = y + o. What are the prime factors of p?
2
Let h(y) = -7*y - 257. What are the prime factors of h(-54)?
11
Let g(a) = 3*a**3 + 47*a**2 - 17*a + 7. Let d(m) = m**3 + 16*m**2 - 6*m + 2. Let p(n) = -8*d(n) + 3*g(n). Let y = 1976 + -1989. List the prime factors of p(y).
2, 11
Let n(s) = 100*s**2 - 20*s - 116. List the prime factors of n(11).
2, 17, 173
Suppose -232*c = -219*c - 84786. List the prime factors of c.
2, 3, 1087
Suppose 2*t = -2*v + 250, 3*v - 370 = -t + 3*t. Suppose -10*w + 12*w - 404 = 0. Let q = w - v. What are the prime factors of q?
2, 3, 13
Suppose 72*b - 74*b = -116. Let m = -55 + b. Suppose m*n + n + 2*q - 126 = 0, 2*n - 60 = -2*q. What are the prime factors of n?
3, 11
Suppose -16 = -5*v + 9. Suppose -v*k - k + 0*k = 0. Suppose 2*d - 402 = -2*b, k = 5*b - b - d - 819. List the prime factors of b.
2, 3, 17
Let i(x) = -x**2 + 3*x + 16. Let m(n) = 2*n**3 + 8*n**2 - n - 5. Let k be m(-5). Let v = k + 55. What are the prime factors of i(v)?
2, 3
Suppose -9*v = -7*v - l - 75071, 37541 = v + 5*l. What are the prime factors of v?
2, 3, 17, 23
Let m(y) = 162*y - 1018. What are the prime factors of m(12)?
2, 463
Suppose 0 = 2*y - 4*x + 4, 7 - 4 = y + 3*x. Suppose i + 3*i = -3*v + 1490, -3*i - 3 = y. What are the prime factors of v?
2, 3, 83
Suppose 56 = -29*b + 520. Let m(r) = 7*r - 36 + 11*r + r**3 + 15 - 17*r**2. What are the prime factors of m(b)?
11
Let v(b) = 832*b - 454. List the prime factors of v(9).
2, 3517
Let l(y) = -y**3 - 11*y**2 - 10*y + 3. Let p be l(-10). Suppose 4*i - 3290 = -p*i. Suppose 7*t - i = -3*t. List the prime factors of t.
47
Suppose 6*b - 497 = -4*b + 45103. List the prime factors of b.
2, 3, 5, 19
Let i be (9/4 + -1)/((-34)/(-136)). Suppose 0*y = -i*y - 50. What are the prime factors of ((-66)/10)/(2/y)?
3, 11
Let o(q) = -8*q**2 + 53*q + 364. Let g be o(-4). Suppose -33 = -5*m + 92. Let r = g + m. List the prime factors of r.
7
What are the prime factors of ((-10)/(-20))/(7/56798)?
4057
Suppose -b - 3*w = -5657, 5*w + 16965 = 3*b + 20*w. List the prime factors of b.
2, 5, 283
What are the prime factors of (-16)/6*(-132678)/104?
2, 3, 7
Let y(l) = -l**3 + 3*l**2 - 5*l + 8. Let n be y(2). Suppose 2*g = -n*h + 1724, -2*h = 2*g - 5*g - 1719. Suppose 2*m = -5*m + h. List the prime factors of m.
3, 41
Let z = -9569 + 17844. List the prime factors of z.
5, 331
Let o = -2506 + 8082. List the prime factors of o.
2, 17, 41
Let x(r) = 100*r + 92. Let s be 245/49*(0 + 1). What are the prime factors of x(s)?
2, 37
Suppose 0*w - x = -2*w + 3481, 5*w - 8716 = -2*x. Suppose -14*z - w = -22840. What are the prime factors of z?
11, 137
Let w = 80 + -69. Suppose 4*n = 12, -5*n = 5*u - 14 - w. Suppose 13*q + u*q = 270. List the prime factors of q.
2, 3
Suppose 3*u + 93 = -3*o, -11 - 35 = u - 4*o. Let f be u/30 + 1 - 32/(-15). What are the prime factors of f/(-4) + 1/(8/2372)?
2, 37
Let r = -82 + 5. List the prime factors of (-13671)/r + (-6)/11.
3, 59
Suppose 22*s = 11*s - 22. Let k be ((-27)/3 + -1)/1. List the prime factors of -8 - k - 72/s.
2, 19
Let q = -57 - -59. Let k be (-32)/(-48) - (-3434)/6. Suppose 5*a - k = q*a. What are the prime factors of a?
191
List the prime factors of 56/35 - (-281652)/30.
2, 3, 5, 313
Let i(z) = -z**2 + 8*z + 5. Let j be i(8). Suppose j*k = 2*k + 12, -4*v - 5*k + 4348 = 0. List the prime factors of v.
2, 541
Let z be (0 + 2/(-4)*-8)/(-1). Let l(c) = -4*c - 8. Let i be l(10). Let b = z - i. What are the prime factors of b?
2, 11
Let s = -82 - -93. Let n(g) = -g**2 + 8*g + 22. Let d be n(s). Let c(r) = -18*r - 30. List the prime factors of c(d).
2, 3, 7
What are the prime factors of (3776/24)/(2/(-13) + (-2587)/(-15717))?
2, 31, 59
Suppose -22*m + 211416 = m + m. What are the prime factors of m?
23, 383
Suppose 5*r = 6*r + 4*n - 331, 0 = 4*r + 4*n - 1300. Suppose 0 = p + d - r, -3*p + 3*d + 928 = -59. List the prime factors of p.
2, 163
Let p be (-10)/15 + ((-245)/15 - 1). What are the prime factors of (-312)/16*p - 4?
347
Suppose -56*d + 53*d + 12 = 0. Suppose 2*b + d*b = 3114. Suppose 4*q - 149 - b = 0. List the prime factors of q.
167
Let d(r) = 6*r + 181. Let y be d(-8). Suppose 2388 = 2*o + v, -5*v - 1072 = -o + y. List the prime factors of o.
5, 239
Suppose 5*a - v = 339 + 3917, -4*v = -16. Let h = a - -206. List the prime factors of h.
2, 23
Let m(r) = -76*r + 193. Let a(w) = -77*w + 191. Let d(l) = 6*a(l) - 5*m(l). List the prime factors of d(-5).
3, 197
What are the prime factors of 25/10 + (-133510)/(-20)?
2, 3, 7, 53
Let v = -1899 - -3713. Suppose 14*x - v = 2414. What are the prime factors of x?
2, 151
Suppose 0 = -399*k + 206*k + 12299118. List the prime factors of k.
2, 3, 13, 19, 43
Let q(r) = r**3 + 6*r**2 + 2. Let j be q(-6). Suppose -j*x = y + 4*y - 1808, -4*x - 5*y = -3616. List the prime factors of x.
2, 113
Suppose -2*l - 5 = -55. Suppose 6*a - a + 4*r + 167 = 0, 2*r - l = a. Let u = 146 + a. What are the prime factors of u?
5, 23
Let x(a) = -a**3 - 4*a**2 - 2*a - 14. Let n be x(-9). Suppose 6*r + 5*y + n = 9*r, 5*r + y - 635 = 0. List the prime factors of r.
2
Suppose -1176267 - 21894 = -84*i + 3795. List the prime factors of i.
41, 349
Let v(j) = -501*j + 580. List the prime factors of v(-22).
2, 5801
List the prime factors of 6*-1*((-244477)/34 + 10).
3, 4787
Let y be (-1)/(48/(-47) - -1). Suppose 79 = -3*h + 2*p - 57, -3*h - 116 = 2*p. Let m = h + y. List the prime factors of m.
5
Suppose 26715 = 9*p - 4*p + v, -2*p = -v - 10679. What are the prime factors of p?
2, 2671
What are the prime factors of ((-56)/(-16))/(-7) + (-1009)/(-2)?
2, 3, 7
Suppose -5*p = 0, 0*g - 4*p - 875 = -5*g. Let b = 65 + 8. Suppose -2*t = -g - b. List the prime factors of t.
2, 31
Let v = -186 + 188. Suppose -84 = -v*n - n. List the prime factors of n.
2, 7
Let w(x) = 0*x**2 + 99*x**3 + 9 + 8 - x**2 - 16 - x. Let p = -6 + 7. What are the prime factors of w(p)?
2, 7
Let l be (14 - 11 - 54/14)*-14. List the prime factors of (3/(l/(-652)))/(1/(-1)).
163
Suppose -859*y = -857*y - 27102. List the prime factors of y.
3, 4517
List the prime factors of 187*((-8016)/(-88) + -8).
2, 17, 457
Let t be 0 - (-21 + (-18)/(-6)). Suppose -273 = -11*z + t*z. Let r = z + 209. What are the prime factors of r?
2, 5, 17
Let b(u) = -u - 8. Let j be b(-13). Let w(t) = 30*t - 1. List the prime factors of w(j).
149
What are the prime factors of (0 + 2/(-2))*(20 - 18) - -81140?
2, 3, 13523
Suppose 2*c + 2*o - 605 = 3*o, 4*o = -12. Suppose -c = 4*w + 67. Let z = 131 + w. List the prime factors of z.
3, 13
Suppose 22 = 2*b - 26. Suppose -56 = -25*f + b*f. Let r = -31 + f. List the prime factors of r.
5
Suppose 10*i - 4*i - 54 = 0. Let l(g) = g**3 + 3*g**2 - 34*g + 30. List the prime factors of l(i).
2, 3, 29
Let a be -55 + (-8 + 4 - -5) + 2. Let g = a - -55. Suppose -6*r + g*r = -504. What are the prime factors of r?
2, 3, 7
Suppose s - 145 = -2*f - 0*f, 285 = 4*f + 3*s. Suppose -4*t - f = t. Let v = -2 - t. What are the prime factors of v?
13
Let h be 1728/10 - 27/(-135). Let y = 220 + h. What are the prime factors of y?
3, 131
Let r(b) = -5*b**3 + 2*b**2 + 103*b - 19. What are the prime factors of r(-15)?
15761
List the prime factors of ((-17508)/(-30))/(68/1870).
11, 1459
Let t be 260*(1 - 25/(-20)). List the prime factors of ((-64)/20)/((-6)/t).
2, 3, 13
Let k(s) = 3*s**2 + 2*s + 58. Let g be k(-18). Suppose -2*u + 4*o + g = 0, -5*o - 1176 = -4*u + 815. What are the prime factors of u?
499
Suppose 177*h - 127*h - 277